
Let l(i) = 42*i + 2473. List the prime factors of l(-9).
5, 419
Let j = 151 + -154. What are the prime factors of (j/4)/(12/(-4944))?
3, 103
Let s = 7 + -4. Suppose -c - 109 = -s*g, -2*g - 2*c + 65 = 3. List the prime factors of g.
5, 7
Let b(m) = -13*m - 230. Let o be b(-26). List the prime factors of (0 - 232/6)/((-12)/o).
2, 3, 29
Let y = 193 - 160. Suppose 20*k + 11427 = y*k. What are the prime factors of k?
3, 293
Suppose 3*h = 11*h - 16. Let b(g) be the third derivative of g**6/30 - g**5/10 + g**4/12 + g**3/3 + 2*g**2. What are the prime factors of b(h)?
2, 7
Let k be (33/(-9))/(-1) + (-12)/(-9). Suppose 0 = -k*l - 15, -4*v + 6*v - 730 = -2*l. List the prime factors of v.
2, 23
Suppose 63*s = 16*s + 45355. List the prime factors of s.
5, 193
Suppose 50 + 41 = 2*t - 3*c, -4*c = -3*t + 138. Suppose 34 = -s + t. Suppose s*a - 17*a = -17. List the prime factors of a.
17
Let u be (1 - (-1)/((-6)/9))*-2. What are the prime factors of 4*(-2 + u + 1161/54)?
2, 41
Let k(i) = 2*i**2 + 2. Let m = -22 + 14. Let j be m - (-3 + 1/(-1)). List the prime factors of k(j).
2, 17
Suppose 79*z + 51045 = 869011. What are the prime factors of z?
2, 31, 167
Let y(m) be the third derivative of 0*m + 0 + 4*m**2 + 19/6*m**3 + 1/120*m**6 - 17/60*m**5 - 13/24*m**4. What are the prime factors of y(18)?
109
Let n(o) = 9*o + 20. Let b be n(-6). Let i = b - -4. Let s = i - -69. What are the prime factors of s?
3, 13
What are the prime factors of (-6773)/1563*5*-669?
5, 13, 223
Let o(z) = 8*z**2 + 13*z - 36. Suppose -1 - 11 = -3*h + 3*d, -5*h + 26 = d. List the prime factors of o(h).
229
Let u(v) = v**2 + v + 20. Suppose m + 2*m = 0. Let d be u(m). Suppose 2*k + 2*k - d = 0. What are the prime factors of k?
5
Let c = 42 + 26. Let v = c + 240. What are the prime factors of v?
2, 7, 11
Suppose 0 = -2*d + 6*d. Suppose 38*z - 10828 - 13492 = d. What are the prime factors of z?
2, 5
Suppose 3*j + 4*p - 78 = p, -4*j + 104 = 2*p. Let o(g) = j*g - 28 + 2 - 45*g. What are the prime factors of o(-4)?
2, 5
Suppose -7193 - 12424 = -30*x + 42783. List the prime factors of x.
2, 5, 13
Let p(h) = -4*h - 11. Let c be p(-4). Suppose r = -g + c*g + 256, 2*r - 538 = -5*g. What are the prime factors of r?
2, 3, 11
Suppose -4*r + 7*r - 2*q - 12 = 0, 4*r - 4*q - 16 = 0. What are the prime factors of 2*333/54*(r + -1)?
37
What are the prime factors of 6511/1532*((-2)/(-2) - -6731)?
3, 11, 17
Let m = -1727 + 1091. Let x = m + 1119. What are the prime factors of x?
3, 7, 23
Let y = -6305 - -12677. What are the prime factors of y?
2, 3, 59
Let y(m) = -m**3 + 4*m**2 - 16*m - 33. Let c be y(-5). Suppose 7*r - 260 - c = 0. What are the prime factors of r?
2, 19
Let s(r) = 5*r**2 + 47*r - 29. Let k = -29 - -14. What are the prime factors of s(k)?
17, 23
Suppose -3*o = i - 10277, -8*o = -7*o + 2. What are the prime factors of i?
7, 13, 113
Suppose -3*r + 2*t = -178 - 390, 0 = -2*r - t + 367. Let n = r + -294. Let b = -65 - n. What are the prime factors of b?
43
Suppose 3*h - 3 = 2*l + 4*h, h = -5*l - 9. Let x be (-22)/((3/(-6))/(39/l)). What are the prime factors of (2 + 1)/(-5 - x/168)?
2, 7
Let m(f) = -f**2 - 13*f - 16. Let l be m(-11). Suppose l - 10 = -d. Let b(o) = 3*o**2 + 7*o - 10. List the prime factors of b(d).
2, 3, 11
Suppose -7902 = 3*r + 2*r - 97097. List the prime factors of r.
17839
Let k be -5 + 5 + 144 + -4. Suppose 0 = 4*v - q - 140, 2*v - 5*q - k = -2*v. Let r = 222 - v. What are the prime factors of r?
11, 17
Let n be (3 - -1)/(-4) + 82. Let r be -6*(-1 + 14/18)*n. Let v = r - 40. What are the prime factors of v?
2, 17
Suppose 3*h + 0*k = 4*k + 110828, 4*h = k + 147775. What are the prime factors of h?
2, 2309
Let l = 125502 + -46815. List the prime factors of l.
3, 7, 1249
Let h(k) be the second derivative of k**6/120 + k**5/40 - k**4/24 + 5*k**3/3 - 13*k. Let j(f) be the second derivative of h(f). List the prime factors of j(-5).
59
Let r(g) = -g**2 + 19*g + 41. Let o be r(21). Let z be (o + 3)/(3/2 - 1). List the prime factors of (3 + 3)*39 + (2 - z).
2, 29
Let p = -22 - -20. Let j = p - -5. Suppose j*k = -0*d + d - 40, 2*k - 112 = -2*d. List the prime factors of d.
2, 13
Let t(u) = 1055*u**2 - 14*u - 48. What are the prime factors of t(-4)?
2, 2111
Suppose -4*r = -1797 - 1419. Suppose -279 = -5*z - r. Let s = z + 275. List the prime factors of s.
2, 5, 17
Let j = -1369 + 6849. What are the prime factors of j?
2, 5, 137
Let f = 186 + -196. What are the prime factors of -760*(15/f - -1)?
2, 5, 19
Suppose -32*s = -295 - 281. Suppose 7*a = -s*a + 31550. List the prime factors of a.
2, 631
Suppose 0 = 2*q - 4*h + 232, 14 = -q - 3*h - 92. Let k = q - -155. What are the prime factors of k?
43
Suppose -3*h - 1857 = -8223. Suppose -h + 484 = -26*v. List the prime factors of v.
3, 7
Let o be ((-1998)/(-148))/((-1)/(-30)). Let g = 1276 - o. List the prime factors of g.
13, 67
Let j(y) be the third derivative of -53*y**6/24 - y**5/20 - y**4/8 + y**3/6 + 10*y**2. List the prime factors of j(-1).
2, 7, 19
Let t(m) = 5725*m**2 + 15*m + 16. List the prime factors of t(-1).
2, 7, 409
Let n = 106 + -93. Let b(i) = -i**3 + 14*i**2 - 16*i + 31. Let v be b(n). What are the prime factors of 0 - -14*(-124)/v?
7, 31
Let s(f) = 7*f**2 + 40*f + 277. What are the prime factors of s(-12)?
5, 7, 23
Suppose -46*l + 48*l = 408. Suppose -5*d - 204 = -a, 7*a - 8*a + l = 2*d. List the prime factors of a.
2, 3, 17
Let k be (-1)/(-2) - 260/(-8). List the prime factors of k - 2/(8/(-12)).
2, 3
Let y = 343 - 217. Let a be ((-2)/(-3))/(28/y). Suppose a*w = 7*w - 36. List the prime factors of w.
3
Let d be (-72)/(-14) + 21/(-147). Suppose 0 = -d*z - 262 + 2187. List the prime factors of z.
5, 7, 11
Let y(f) = 139*f**3 + 30*f**2 - 122*f + 19. What are the prime factors of y(4)?
3, 2969
Suppose 16686 = 2*f + 2*n, 668*f = 670*f - n - 16671. List the prime factors of f.
2, 11, 379
Let w(p) = 7*p**2 + 3*p. Let f be w(-4). Let t = f - 30. Suppose j = -2*o + t, -j - 2*j + 2*o = -242. List the prime factors of j.
2, 3, 13
Let q(w) = w - 83. Let b be q(-15). Let i = b + 1059. What are the prime factors of i?
31
Let b(k) be the first derivative of -419*k**2/2 + 43*k - 59. What are the prime factors of b(-3)?
2, 5, 13
Let k(q) = -1235*q**3 - 3*q**2 - 152*q - 300. What are the prime factors of k(-2)?
2, 617
Let l(r) = 60*r + 267. List the prime factors of l(26).
3, 7, 29
Let d(g) = -46*g - 18. Let r be d(-3). Suppose -17*k = -r - 1852. What are the prime factors of k?
2, 29
Suppose 254*v - 126*v = 142*v - 353360. What are the prime factors of v?
2, 5, 631
Let o(f) = -21 - 21 - f**2 - 45*f - 5. What are the prime factors of o(-31)?
3, 43
Suppose 66*o - 2796120 = -39*o - 15*o. What are the prime factors of o?
3, 863
Let h(d) = -50*d - 10. Let q be h(7). What are the prime factors of ((-61)/(-3))/((-5)/q*6)?
2, 61
Let a be (16/32)/((-1)/(-216)). Suppose -k - 8*k + a = 0. Suppose -50 = k*q - 14*q. What are the prime factors of q?
5
Let n(t) = t. Let a be n(-2). Let w(b) = -49*b. Let r(q) = 98*q - 1. Let j(y) = 6*r(y) + 13*w(y). List the prime factors of j(a).
2, 23
Let l be (-4602)/(-10)*(3 + 12). Suppose 4*u - l = -v, 4*u + 4*v - 4157 = 2743. What are the prime factors of u?
2, 863
Let n = 8 + -4. Let m be (54 - -6)*n/(-10). List the prime factors of ((-2)/5)/(m/15120).
2, 3, 7
List the prime factors of (384/40 + -10)/((-2)/43770 - 0).
2, 3, 1459
Let o = -15612 - -24688. What are the prime factors of o?
2, 2269
Suppose -q = 2*v + 29670, -7*q + 44519 = -3*v - 12*q. What are the prime factors of ((-40)/(-14))/((-26)/v)?
2, 5, 163
Let r(c) = 2*c**2 + 2*c + 9. Let y be r(0). Suppose 0 = y*t - 122 - 58. Suppose 792 = -14*p + t*p. List the prime factors of p.
2, 3, 11
Suppose -72 = -4*g + 76. Let m = -47 + g. Let d = m + 170. What are the prime factors of d?
2, 5
Let q(w) = 6*w**2 - 130*w - 4. Let i(m) = m**2 - 26*m - 1. Let r(n) = 11*i(n) - 2*q(n). Let u(o) = -41*o + 550. Let l be u(14). List the prime factors of r(l).
3, 5
Let s(m) = -m**3 - 2*m**2 - 4*m - 11. Let r be s(-2). What are the prime factors of (-3)/r + 2/((-6)/(-171))?
2, 29
Let p(q) = -q**2 + 13*q + 129. Let c be p(19). Suppose -c*i + 228 = -192. List the prime factors of i.
2, 7
Let x(n) = 441*n + 3911. What are the prime factors of x(52)?
17, 1579
Suppose 15*t - 13